t is the ten thousands digit of 29478034?
7
What is the thousands digit of 2302534079?
4
What is the tens digit of 1039997921?
2
What is the tens digit of 129610207?
0
What is the tens digit of 477230609?
0
What is the tens digit of 163195598?
9
What is the hundred thousands digit of 622471573?
4
What is the hundred millions digit of 327697175?
3
What is the tens digit of 1390627212?
1
What is the thousands digit of 10877047?
7
What is the millions digit of 7122793252?
2
What is the tens digit of 3183425159?
5
What is the ten millions digit of 45554257?
4
What is the thousands digit of 429603194?
3
What is the tens digit of 415286969?
6
What is the hundred millions digit of 118143456?
1
What is the units digit of 286566283?
3
What is the millions digit of 2998386158?
8
What is the hundred thousands digit of 2904046876?
0
What is the billions digit of 1417037558?
1
What is the thousands digit of 20811012?
1
What is the units digit of 389765712?
2
What is the hundred millions digit of 225590590?
2
What is the tens digit of 299726295?
9
What is the hundred thousands digit of 283474522?
4
What is the millions digit of 56419426?
6
What is the millions digit of 186902752?
6
What is the millions digit of 4770952946?
0
What is the units digit of 186517354?
4
What is the tens digit of 107585852?
5
What is the ten millions digit of 2568534864?
6
What is the millions digit of 503326050?
3
What is the millions digit of 1274218648?
4
What is the hundred millions digit of 394232859?
3
What is the tens digit of 20054166?
6
What is the units digit of 17720885?
5
What is the thousands digit of 919672264?
2
What is the hundreds digit of 1099165820?
8
What is the millions digit of 139302043?
9
What is the tens digit of 20573743?
4
What is the tens digit of 86515302?
0
What is the hundreds digit of 675698735?
7
What is the hundreds digit of 62022872?
8
What is the ten millions digit of 844006573?
4
What is the hundreds digit of 19203612?
6
What is the billions digit of 3008486889?
3
What is the millions digit of 258162826?
8
What is the hundreds digit of 4572988757?
7
What is the tens digit of 1030714412?
1
What is the ten millions digit of 789382241?
8
What is the hundred thousands digit of 398873634?
8
What is the millions digit of 142868053?
2
What is the thousands digit of 27649760?
9
What is the hundred thousands digit of 100593346?
5
What is the ten millions digit of 6276633907?
7
What is the thousands digit of 114378968?
8
What is the units digit of 298368405?
5
What is the tens digit of 668677761?
6
What is the ten thousands digit of 135629556?
2
What is the ten millions digit of 39856938?
3
What is the hundred millions digit of 484610111?
4
What is the tens digit of 58805617?
1
What is the thousands digit of 1606216081?
6
What is the millions digit of 5056906012?
6
What is the ten millions digit of 849665350?
4
What is the hundred thousands digit of 425351300?
3
What is the hundred thousands digit of 263734008?
7
What is the ten millions digit of 11211045?
1
What is the millions digit of 80139313?
0
What is the hundred thousands digit of 476878929?
8
What is the millions digit of 37228086?
7
What is the tens digit of 49548571?
7
What is the ten thousands digit of 4244537300?
3
What is the thousands digit of 76003528?
3
What is the hundred millions digit of 145375721?
1
What is the millions digit of 31452318?
1
What is the hundred thousands digit of 64218143?
2
What is the ten millions digit of 67813580?
6
What is the tens digit of 2350287969?
6
What is the millions digit of 2790151265?
0
What is the units digit of 155906861?
1
What is the thousands digit of 609818708?
8
What is the hundreds digit of 1016984034?
0
What is the hundred millions digit of 121464780?
1
What is the units digit of 2388447167?
7
What is the ten millions digit of 8029253991?
2
What is the thousands digit of 55011227?
1
What is the thousands digit of 103097596?
7
What is the hundreds digit of 99810484?
4
What is the units digit of 89219919?
9
What is the hundreds digit of 104787084?
0
What is the hundred thousands digit of 32953642?
9
What is the ten millions digit of 150140544?
5
What is the hundred thousands digit of 327951613?
9
What is the millions digit of 91729672?
1
What is the thousands digit of 3344842666?
2
What is the millions digit of 181439787?
1
What is the ten millions digit of 10328102?
1
What is the ten millions digit of 3204755072?
0
What is the ten thousands digit of 7671460460?
6
What is the ten millions digit of 1540160592?
4
What is the hundred thousands digit of 11034130?
0
What is the tens digit of 4451642513?
1
What is the hundred thousands digit of 28129023?
1
What is the hundreds digit of 164812471?
4
What is the units digit of 2595839979?
9
What is the hundreds digit of 1437109974?
9
What is the hundred millions digit of 626240287?
6
What is the units digit of 307931864?
4
What is the thousands digit of 230730104?
0
What is the units digit of 320382553?
3
What is the units digit of 755892649?
9
What is the units digit of 155672522?
2
What is the ten millions digit of 296280930?
9
What is the ten millions digit of 1217238374?
1
What is the millions digit of 21116492?
1
What is the hundred thousands digit of 1935839243?
8
What is the thousands digit of 2468617378?
7
What is the hundred thousands digit of 470003811?
0
What is the hundred millions digit of 385105336?
3
What is the tens digit of 257217103?
0
What is the units digit of 53955471?
1
What is the millions digit of 33003471?
3
What is the millions digit of 437316741?
7
What is the thousands digit of 55230061?
0
What is the millions digit of 3852542524?
2
What is the millions digit of 3029419?
3
What is the ten millions digit of 880477392?
8
What is the ten thousands digit of 41496770?
9
What is the units digit of 1171691811?
1
What is the ten millions digit of 6625392213?
2
What is the millions digit of 362708704?
2
What is the hundred millions digit of 760661061?
7
What is the millions digit of 307963450?
7
What is the units digit of 378179173?
3
What is the ten millions digit of 281147384?
8
What is the hundred thousands digit of 239974182?
9
What is the millions digit of 130811707?
0
What is the ten thousands digit of 9217600?
1
What is the ten thousands digit of 33146469?
4
What is the units digit of 421319056?
6
What is the ten thousands digit of 2812925525?
2
What is the ten millions digit of 231376629?
3
What is the tens digit of 4462123434?
3
What is the thousands digit of 2404057746?
7
What is the hundreds digit of 1536785990?
9
What is the ten thousands digit of 5944221246?
2
What is the hundred thousands digit of 1664775060?
7
What is the thousands digit of 828880233?
0
What is the units digit of 236394449?
9
What is the tens digit of 50890651?
5
What is the hundreds digit of 45722347?
3
What is the tens digit of 81616538?
3
What is the ten millions digit of 28458534?
2
What is the billions digit of 2728154557?
2
What is the hundreds digit of 155429156?
1
What is the hundreds digit of 569328304?
3
What is the units digit of 841832747?
7
What is the tens digit of 266869426?
2
What is the millions digit of 1005684121?
5
What is the units digit of 17014125?
5
What is the hundreds digit of 112107460?
4
What is the hundreds digit of 71370584?
5
What is the units digit of 16919275?
5
What is the billions digit of 4177132596?
4
What is the thousands digit of 1627890180?
0
What is the thousands digit of 3550350260?
0
What is the millions digit of 524319361?
4
What is the millions digit of 440294947?
0
What is the ten thousands digit of 70549005?
4
What is the billions digit of 4416185967?
4
What is the tens digit of 638394268?
6
What is the tens digit of 147075887?
8
What is the millions digit of 124025359?
4
What is the ten millions digit of 25787019?
2
What is the hundred thousands digit of 157339819?
3
What is the ten millions digit of 5043254653?
4
What is the ten millions digit of 39263792?
3
What is the millions digit of 188674746?
8
What is the units digit of 352798629?
9
What is the billions digit of 1845647844?
1
What is the millions digit of 1004230100?
4
What is the ten millions digit of 1333697955?
3
What is the hundreds digit of 2581222514?
5
What is the hundreds digit of 35035